{"id":332,"date":"2015-08-10T07:36:19","date_gmt":"2015-08-10T07:36:19","guid":{"rendered":"https:\/\/islabonita.com\/fr\/la-palma\/"},"modified":"2016-02-17T08:45:30","modified_gmt":"2016-02-17T08:45:30","slug":"village","status":"publish","type":"page","link":"https:\/\/islabonita.com\/fr\/village\/","title":{"rendered":"Village"},"content":{"rendered":"<blockquote>\n<h3 style=\"text-align: justify;\"><strong>Conna\u00eetre La Palma,&#8221;La Isla Bonita&#8221;<\/strong><\/h3>\n<\/blockquote>\n<p style=\"text-align: justify;\">Bienvenue \u00e0 La Palma, &#8220;<strong>La Isla Bonita<\/strong>&#8220;. Vous pr\u00e9parez vos vacances? Vous voulez venir \u00e0 La Palma et cherchez des informations? Laissez nous vous faire un petit r\u00e9sum\u00e9.<\/p>\n<p style=\"text-align: justify;\"><img loading=\"lazy\" decoding=\"async\" class=\"margin-right:10px; margin-bottom:10px; wp-image-2642 alignleft\" src=\"https:\/\/islabonita.com\/wp-content\/uploads\/2015\/08\/puertoTazacorte-islabonita.jpg\" alt=\"puertoTazacorte-islabonita\" width=\"400\" height=\"268\" \/>Sur l&#8217;\u00eele de La Palma, la plus nord-occidentale des \u00celes Canaries, nous somme un peu plus de quatre-vingt mille personnes r\u00e9parties sur 708km\u00b2. De ses habitants, les \u00ab\u00a0palmeros\u00a0\u00bb, il se dit que nous ne sommes \u00ab\u00a0jamais press\u00e9s\u00a0\u00bb y que nous sommes tr\u00e8s plaisants. Nous aimons penser qu&#8217;il en est ainsi et essayons d&#8217;agir en cons\u00e9quence. De nos jours, o\u00f9 tout va trop vite et tout doit \u00eatre fait \u00ab\u00a0sur le champ\u00a0\u00bb, nous autres pr\u00e9f\u00e9rons voir la vie autrement, sans pressions, sans h\u00e2te mais sans s&#8217;arr\u00eater, et avoir le pouvoir de contr\u00f4ler, m\u00eame si ce n&#8217;est qu&#8217;un peu, le temps.<\/p>\n<p style=\"text-align: justify;\">A La Palma, les kilom\u00e8tres ne repr\u00e9sentent pas avec exactitude les distances. Ici nous le museront en temps\u00a0: -\u00ab\u00a0combien de temps faut-il\u00a0?\u00a0\u00bb. Du point le plus \u00e0 l&#8217;Est, Santa Cruz de La Palma, jusqu&#8217;au point le plus \u00e0 l&#8217;ouest, Tazacorte, il faut compter autour de 45 minutes en voiture\u00a0; et du point le plus au Nord, Garaf\u00eda, jusqu&#8217;au point le plus au Sud, Fuencaliente, environ deux heures et demi. Tout cela \u00e9videmment sans se laisser aller et se \u00ab\u00a0perdre\u00a0\u00bb dans tous ces recoins remplis de charme ou se laisser absorber par le paysage, ce qui arrive fr\u00e9quemment a ceux qui sont de passage sur notre \u00eele.<\/p>\n<p style=\"text-align: justify;\">Le point le plus haut de l&#8217;\u00eele est le \u00ab\u00a0Roque de Los Muchachos\u00a0\u00bb (2426m), un des endroits qui attire toute l&#8217;attention de nos visiteurs. L\u00e0 se trouve l&#8217;un des ensembles de t\u00e9lescopes des plus complet au monde -L&#8217;Observatoire du Roque de Los Muchachos-, mais aussi d&#8217;o\u00f9 l&#8217;on peut admirer une fantastique vue panoramique du Parc National de La Caldera de Taburiente.<\/p>\n<p style=\"text-align: justify;\">Quand vous visiterez La Palma, il y a 6 activit\u00e9s obligatoires\u00a0:<\/p>\n<p style=\"text-align: justify; padding-left: 30px;\">\u2022\u00a0 <strong>Une Randonn\u00e9e <\/strong>, m\u00eame courte. Il y en a pour tous les go\u00fbts\u00a0; nous disposons d&#8217;un r\u00e9seau de sentiers balis\u00e9s de plus de 1000 kilom\u00e8tres. Parmi les plus populaires celui du Parc National de La Caldera de Taburiente, celui de la route Des Volcans, ou celui de Los Nacientes de marcos y Cordero-Los Tilos. Bien \u00e9videmment, ceux-ci sont des plus longs\u00a0!<\/p>\n<p style=\"text-align: justify; padding-left: 30px;\">\u2022\u00a0 <strong>Une activit\u00e9 d&#8217;observation des \u00e9toiles <\/strong>. L&#8217;exceptionnelle qualit\u00e9 du ciel nocturne de l&#8217;\u00eele, prot\u00e9g\u00e9 par une \u00ab\u00a0 <em>loi du ciel <\/em>\u00a0\u00bb sp\u00e9cifique, qui a pour but de le sauvegarder de la pollution lumineuse, est l&#8217;une des raisons pour laquelle plusieurs pays ont install\u00e9 ici leurs observatoires astronomiques. Vous n&#8217;aimeriez pas en savoir plus sur l&#8217;univers et les \u00e9toiles, \u00e0 travers d&#8217;un t\u00e9lescope portatif\u00a0?<\/p>\n<p style=\"text-align: justify; padding-left: 30px;\">\u2022\u00a0 <strong>Visiter les mus\u00e9s et centres ethnographiques <\/strong>. Ils sont la principale mani\u00e8re de mieux conna\u00eetre notre culture. Il en existe une grande vari\u00e9t\u00e9\u00a0: le Parc Arqu\u00e9ologique de Belmaco, le Mus\u00e9e Casa Roja, les C\u00e9ramiques El Molino, le Mus\u00e9e de la Banane, le Mus\u00e9e du Vin, le Mus\u00e9e du Mojo, le Mus\u00e9e de la Soie, le Parc Arqu\u00e9ologique de la Zarza y la Zarcita, etc.<\/p>\n<p style=\"text-align: justify; padding-left: 30px;\">\u2022\u00a0 <strong>Un parcours en voiture pour conna\u00eetre les villages et zones rurales de l&#8217;\u00eele. <\/strong>Vous rencontrerez des endroits pittoresques et avec un charme authentique.<\/p>\n<p style=\"text-align: justify; padding-left: 30px;\">\u2022\u00a0 <strong>Se promener de nuit dans le centre historique de la capitale <\/strong>. Et si c&#8217;est le weekend encore mieux, puisqu&#8217;il y a plus d&#8217;ambiance et avec un peu de chance vous pourrez trouver un groupe local qui joue en direct, proche de la zone des bars o\u00f9 la musique cubaine marque le mouvement. La Palma est une \u00eele tranquille et s\u00fbre, et sa capitale, Santa Cruz de La Palma, en est un bon exemple.<\/p>\n<p style=\"text-align: justify; padding-left: 30px;\">\u2022\u00a0 <strong>Aller \u00e0 la plage. <\/strong>Sur La Palma abondent les petites criques de sable noir ou de galets, et au Nord, les vedettes sont les piscines naturelles de \u00ab\u00a0La Fajana\u00a0\u00bb ou \u00ab\u00a0El Charco Azul\u00a0\u00bb.<\/p>\n\n<p style=\"text-align: justify;\">Une fois tout cela accompli vous pourrez vous offrir le plaisir de d\u00e9guster \u00ab\u00a0un Barraquito\u00a0\u00bb. Et si vous ne savez pas encore de quoi il s&#8217;agit, il vous faudra en demander un\u00a0!!!!<\/p>\n<p style=\"text-align: justify;\">De plus, n&#8217;oublier pas d&#8217;inscrire \u00e0 votre liste:<\/p>\n<p style=\"text-align: justify;\"><img loading=\"lazy\" decoding=\"async\" class=\"margin-right:10px; margin-bottom:10px; alignleft wp-image-2635\" src=\"https:\/\/islabonita.com\/wp-content\/uploads\/2015\/08\/lostilos-islabonita.jpg\" alt=\"lostilos-islabonita\" width=\"250\" height=\"373\" \/><\/p>\n<p style=\"text-align: justify; padding-left: 30px;\">\u2022\u00a0 Voir le lever du jour depuis le Roque de Los Muchachos.<\/p>\n<p style=\"text-align: justify; padding-left: 30px;\">\u2022\u00a0 Visiter: La Caldera de Taburiente, le Bois de Los Tilos, le Volcan San Antonio et le Cubo de La Galga.<\/p>\n<p style=\"text-align: justify; padding-left: 30px;\">\u2022\u00a0 Contempler les couchers du soleil depuis la Plage de Tazacorte.<\/p>\n<p style=\"text-align: justify; padding-left: 30px;\">\u2022\u00a0 D\u00e9guster un bon poisson frais chez Casa Goyo ou un d\u00e9jeun\u00e9 au Jard\u00edn de La Sal.<\/p>\n<p style=\"text-align: justify;\">La temp\u00e9rature \u00e0 La Palma a pour habitude d&#8217;\u00eatre douce. Le vert de ses montagnes en est la preuve, expliquant \u00e9galement que de temps en temps il faut qu&#8217;il pleuve. Selon l&#8217;\u00e9poque de l&#8217;ann\u00e9e, nous vous conseillons de mettre dans votre valise la vestimentaire ad\u00e9quate, c&#8217;est-\u00e0-dire un tee-shirt et un manteau que vous pourrez mettre et enlever en fonction de l&#8217;heure du jour.<\/p>\n<p style=\"text-align: justify;\">En 2002, tout le territoire insulaire de l&#8217;\u00eele de La Palma a \u00e9t\u00e9 d\u00e9clar\u00e9 \u00ab\u00a0R\u00e9serve Mondiale de la Biosph\u00e8re\u00a0\u00bb par l&#8217;UNESCO. Sa grande vari\u00e9t\u00e9 de paysages a contribu\u00e9 \u00e0 cela\u00a0; vous pourrez le v\u00e9rifiez vous-m\u00eame, \u00e0 chaque d\u00e9tours que donne le chemin, se cache un paysage diff\u00e9rent\u00a0: les coul\u00e9es volcaniques qui s&#8217;entrem\u00ealent entre les touffus bois de pins, les profonds pr\u00e9cipices et hautes falaises, les petites criques de sable noir, les sommets couverts de laurisylve, et \u00e0 certains endroits, un troupeau de ch\u00e8vres qui traversent la route.<\/p>\n<p style=\"text-align: justify;\">La Palma est depuis 2006 le premier endroit au monde \u00e0 \u00eatre d\u00e9clar\u00e9 \u00ab\u00a0Destination Touristique Soutenable\u00a0\u00bb. Nous souhaitons que ceux qui nous visitent se sentent comme chez eux, comme un \u00ab\u00a0palmero\u00a0\u00bb de plus, qu&#8217;ils connaissent nos traditions, participent \u00e0 nos f\u00eates (la Bajada de La Virgen, Los Indianos, las Cruces, el Corpus, etc.), et avant tout qu&#8217;ils vivent une exp\u00e9rience m\u00e9morable durant leurs vacances sur l&#8217;\u00eele, \u00e0 la fois qu&#8217;ils nous permettent de la pr\u00e9server pour les futures g\u00e9n\u00e9rations.<\/p>\n<p style=\"text-align: justify;\">Vivez cette sensation \u00ab\u00a0Isla Bonita\u00a0\u00bb qui a captiv\u00e9 \u00e0 tous ceux qui nous ont visit\u00e9s et racontez-le nous \u00e0 votre retour.<\/p>\n<blockquote>\n<p style=\"text-align: justify;\" align=\"center\"><strong><em>Sentez La Palma\u00a0!<\/em><\/strong><\/p>\n<\/blockquote>\n","protected":false},"excerpt":{"rendered":"<p>Conna\u00eetre La Palma,&#8221;La Isla Bonita&#8221; Bienvenue \u00e0 La Palma, &#8220;La Isla Bonita&#8220;. Vous pr\u00e9parez vos vacances? Vous voulez venir \u00e0 La Palma et cherchez des informations? Laissez nous vous faire un petit r\u00e9sum\u00e9. Sur l&#8217;\u00eele de La Palma, la plus nord-occidentale des \u00celes Canaries, nous somme un peu plus de quatre-vingt mille personnes r\u00e9parties sur [&hellip;]<\/p>\n","protected":false},"author":1,"featured_media":30771,"parent":0,"menu_order":0,"comment_status":"closed","ping_status":"closed","template":"","meta":{"footnotes":""},"rttpg_featured_image_url":{"full":["https:\/\/islabonita.com\/wp-content\/uploads\/2015\/08\/roquemuchachos.jpg",1024,614,false],"landscape":["https:\/\/islabonita.com\/wp-content\/uploads\/2015\/08\/roquemuchachos.jpg",1024,614,false],"portraits":["https:\/\/islabonita.com\/wp-content\/uploads\/2015\/08\/roquemuchachos.jpg",1024,614,false],"thumbnail":["https:\/\/islabonita.com\/wp-content\/uploads\/2015\/08\/roquemuchachos-400x300.jpg",400,300,true],"medium":["https:\/\/islabonita.com\/wp-content\/uploads\/2015\/08\/roquemuchachos-300x180.jpg",300,180,true],"medium_large":["https:\/\/islabonita.com\/wp-content\/uploads\/2015\/08\/roquemuchachos-768x461.jpg",768,461,true],"large":["https:\/\/islabonita.com\/wp-content\/uploads\/2015\/08\/roquemuchachos-1024x614.jpg",850,510,true],"1536x1536":["https:\/\/islabonita.com\/wp-content\/uploads\/2015\/08\/roquemuchachos.jpg",1024,614,false],"2048x2048":["https:\/\/islabonita.com\/wp-content\/uploads\/2015\/08\/roquemuchachos.jpg",1024,614,false],"byt-featured":["https:\/\/islabonita.com\/wp-content\/uploads\/2015\/08\/roquemuchachos.jpg",1001,600,false],"portada":["https:\/\/islabonita.com\/wp-content\/uploads\/2015\/08\/roquemuchachos-337x202.jpg",337,202,true],"miniatura-casa":["https:\/\/islabonita.com\/wp-content\/uploads\/2015\/08\/roquemuchachos-400x300.jpg",400,300,true]},"rttpg_author":{"display_name":"Isla Bonita","author_link":"https:\/\/islabonita.com\/fr\/author\/admin\/"},"rttpg_comment":0,"rttpg_category":" <a href=\"https:\/\/islabonita.com\/fr\/?taxonomy=translation_priority&#038;term=facultatif\" rel=\"tag\">Facultatif<\/a>","rttpg_excerpt":"Conna\u00eetre La Palma,&#8221;La Isla Bonita&#8221; Bienvenue \u00e0 La Palma, &#8220;La Isla Bonita&#8220;. Vous pr\u00e9parez vos vacances? Vous voulez venir \u00e0 La Palma et cherchez des informations? Laissez nous vous faire un petit r\u00e9sum\u00e9. Sur l&#8217;\u00eele de La Palma, la plus nord-occidentale des \u00celes Canaries, nous somme un peu plus de quatre-vingt mille personnes r\u00e9parties sur\u2026","_links":{"self":[{"href":"https:\/\/islabonita.com\/fr\/wp-json\/wp\/v2\/pages\/332"}],"collection":[{"href":"https:\/\/islabonita.com\/fr\/wp-json\/wp\/v2\/pages"}],"about":[{"href":"https:\/\/islabonita.com\/fr\/wp-json\/wp\/v2\/types\/page"}],"author":[{"embeddable":true,"href":"https:\/\/islabonita.com\/fr\/wp-json\/wp\/v2\/users\/1"}],"replies":[{"embeddable":true,"href":"https:\/\/islabonita.com\/fr\/wp-json\/wp\/v2\/comments?post=332"}],"version-history":[{"count":0,"href":"https:\/\/islabonita.com\/fr\/wp-json\/wp\/v2\/pages\/332\/revisions"}],"wp:featuredmedia":[{"embeddable":true,"href":"https:\/\/islabonita.com\/fr\/wp-json\/wp\/v2\/media\/30771"}],"wp:attachment":[{"href":"https:\/\/islabonita.com\/fr\/wp-json\/wp\/v2\/media?parent=332"}],"curies":[{"name":"wp","href":"https:\/\/api.w.org\/{rel}","templated":true}]}}

<blockquote>
<h3 style="text-align: justify;"><strong>Connaître La Palma,&#8221;La Isla Bonita&#8221;</strong></h3>
</blockquote>
<p style="text-align: justify;">Bienvenue à La Palma, &#8220;<strong>La Isla Bonita</strong>&#8220;. Vous préparez vos vacances? Vous voulez venir à La Palma et cherchez des informations? Laissez nous vous faire un petit résumé.</p>
<p style="text-align: justify;"><img loading="lazy" decoding="async" class="margin-right:10px; margin-bottom:10px; wp-image-2642 alignleft" src="https://islabonita.com/wp-content/uploads/2015/08/puertoTazacorte-islabonita.jpg" alt="puertoTazacorte-islabonita" width="400" height="268" />Sur l&#8217;île de La Palma, la plus nord-occidentale des Îles Canaries, nous somme un peu plus de quatre-vingt mille personnes réparties sur 708km². De ses habitants, les « palmeros », il se dit que nous ne sommes « jamais pressés » y que nous sommes très plaisants. Nous aimons penser qu&#8217;il en est ainsi et essayons d&#8217;agir en conséquence. De nos jours, où tout va trop vite et tout doit être fait « sur le champ », nous autres préférons voir la vie autrement, sans pressions, sans hâte mais sans s&#8217;arrêter, et avoir le pouvoir de contrôler, même si ce n&#8217;est qu&#8217;un peu, le temps.</p>
<p style="text-align: justify;">A La Palma, les kilomètres ne représentent pas avec exactitude les distances. Ici nous le museront en temps : -« combien de temps faut-il ? ». Du point le plus à l&#8217;Est, Santa Cruz de La Palma, jusqu&#8217;au point le plus à l&#8217;ouest, Tazacorte, il faut compter autour de 45 minutes en voiture ; et du point le plus au Nord, Garafía, jusqu&#8217;au point le plus au Sud, Fuencaliente, environ deux heures et demi. Tout cela évidemment sans se laisser aller et se « perdre » dans tous ces recoins remplis de charme ou se laisser absorber par le paysage, ce qui arrive fréquemment a ceux qui sont de passage sur notre île.</p>
<p style="text-align: justify;">Le point le plus haut de l&#8217;île est le « Roque de Los Muchachos » (2426m), un des endroits qui attire toute l&#8217;attention de nos visiteurs. Là se trouve l&#8217;un des ensembles de télescopes des plus complet au monde -L&#8217;Observatoire du Roque de Los Muchachos-, mais aussi d&#8217;où l&#8217;on peut admirer une fantastique vue panoramique du Parc National de La Caldera de Taburiente.</p>
<p style="text-align: justify;">Quand vous visiterez La Palma, il y a 6 activités obligatoires :</p>
<p style="text-align: justify; padding-left: 30px;">•  <strong>Une Randonnée </strong>, même courte. Il y en a pour tous les goûts ; nous disposons d&#8217;un réseau de sentiers balisés de plus de 1000 kilomètres. Parmi les plus populaires celui du Parc National de La Caldera de Taburiente, celui de la route Des Volcans, ou celui de Los Nacientes de marcos y Cordero-Los Tilos. Bien évidemment, ceux-ci sont des plus longs !</p>
<p style="text-align: justify; padding-left: 30px;">•  <strong>Une activité d&#8217;observation des étoiles </strong>. L&#8217;exceptionnelle qualité du ciel nocturne de l&#8217;île, protégé par une «  <em>loi du ciel </em> » spécifique, qui a pour but de le sauvegarder de la pollution lumineuse, est l&#8217;une des raisons pour laquelle plusieurs pays ont installé ici leurs observatoires astronomiques. Vous n&#8217;aimeriez pas en savoir plus sur l&#8217;univers et les étoiles, à travers d&#8217;un télescope portatif ?</p>
<p style="text-align: justify; padding-left: 30px;">•  <strong>Visiter les musés et centres ethnographiques </strong>. Ils sont la principale manière de mieux connaître notre culture. Il en existe une grande variété : le Parc Arquéologique de Belmaco, le Musée Casa Roja, les Céramiques El Molino, le Musée de la Banane, le Musée du Vin, le Musée du Mojo, le Musée de la Soie, le Parc Arquéologique de la Zarza y la Zarcita, etc.</p>
<p style="text-align: justify; padding-left: 30px;">•  <strong>Un parcours en voiture pour connaître les villages et zones rurales de l&#8217;île. </strong>Vous rencontrerez des endroits pittoresques et avec un charme authentique.</p>
<p style="text-align: justify; padding-left: 30px;">•  <strong>Se promener de nuit dans le centre historique de la capitale </strong>. Et si c&#8217;est le weekend encore mieux, puisqu&#8217;il y a plus d&#8217;ambiance et avec un peu de chance vous pourrez trouver un groupe local qui joue en direct, proche de la zone des bars où la musique cubaine marque le mouvement. La Palma est une île tranquille et sûre, et sa capitale, Santa Cruz de La Palma, en est un bon exemple.</p>
<p style="text-align: justify; padding-left: 30px;">•  <strong>Aller à la plage. </strong>Sur La Palma abondent les petites criques de sable noir ou de galets, et au Nord, les vedettes sont les piscines naturelles de « La Fajana » ou « El Charco Azul ».</p>

<p style="text-align: justify;">Une fois tout cela accompli vous pourrez vous offrir le plaisir de déguster « un Barraquito ». Et si vous ne savez pas encore de quoi il s&#8217;agit, il vous faudra en demander un !!!!</p>
<p style="text-align: justify;">De plus, n&#8217;oublier pas d&#8217;inscrire à votre liste:</p>
<p style="text-align: justify;"><img loading="lazy" decoding="async" class="margin-right:10px; margin-bottom:10px; alignleft wp-image-2635" src="https://islabonita.com/wp-content/uploads/2015/08/lostilos-islabonita.jpg" alt="lostilos-islabonita" width="250" height="373" /></p>
<p style="text-align: justify; padding-left: 30px;">•  Voir le lever du jour depuis le Roque de Los Muchachos.</p>
<p style="text-align: justify; padding-left: 30px;">•  Visiter: La Caldera de Taburiente, le Bois de Los Tilos, le Volcan San Antonio et le Cubo de La Galga.</p>
<p style="text-align: justify; padding-left: 30px;">•  Contempler les couchers du soleil depuis la Plage de Tazacorte.</p>
<p style="text-align: justify; padding-left: 30px;">•  Déguster un bon poisson frais chez Casa Goyo ou un déjeuné au Jardín de La Sal.</p>
<p style="text-align: justify;">La température à La Palma a pour habitude d&#8217;être douce. Le vert de ses montagnes en est la preuve, expliquant également que de temps en temps il faut qu&#8217;il pleuve. Selon l&#8217;époque de l&#8217;année, nous vous conseillons de mettre dans votre valise la vestimentaire adéquate, c&#8217;est-à-dire un tee-shirt et un manteau que vous pourrez mettre et enlever en fonction de l&#8217;heure du jour.</p>
<p style="text-align: justify;">En 2002, tout le territoire insulaire de l&#8217;île de La Palma a été déclaré « Réserve Mondiale de la Biosphère » par l&#8217;UNESCO. Sa grande variété de paysages a contribué à cela ; vous pourrez le vérifiez vous-même, à chaque détours que donne le chemin, se cache un paysage différent : les coulées volcaniques qui s&#8217;entremêlent entre les touffus bois de pins, les profonds précipices et hautes falaises, les petites criques de sable noir, les sommets couverts de laurisylve, et à certains endroits, un troupeau de chèvres qui traversent la route.</p>
<p style="text-align: justify;">La Palma est depuis 2006 le premier endroit au monde à être déclaré « Destination Touristique Soutenable ». Nous souhaitons que ceux qui nous visitent se sentent comme chez eux, comme un « palmero » de plus, qu&#8217;ils connaissent nos traditions, participent à nos fêtes (la Bajada de La Virgen, Los Indianos, las Cruces, el Corpus, etc.), et avant tout qu&#8217;ils vivent une expérience mémorable durant leurs vacances sur l&#8217;île, à la fois qu&#8217;ils nous permettent de la préserver pour les futures générations.</p>
<p style="text-align: justify;">Vivez cette sensation « Isla Bonita » qui a captivé à tous ceux qui nous ont visités et racontez-le nous à votre retour.</p>
<blockquote>
<p style="text-align: justify;" align="center"><strong><em>Sentez La Palma !</em></strong></p>
</blockquote>

<p>Connaître La Palma,&#8221;La Isla Bonita&#8221; Bienvenue à La Palma, &#8220;La Isla Bonita&#8220;. Vous préparez vos vacances? Vous voulez venir à La Palma et cherchez des informations? Laissez nous vous faire un petit résumé. Sur l&#8217;île de La Palma, la plus nord-occidentale des Îles Canaries, nous somme un peu plus de quatre-vingt mille personnes réparties sur [&hellip;]</p>

Connaître La Palma,&#8221;La Isla Bonita&#8221; Bienvenue à La Palma, &#8220;La Isla Bonita&#8220;. Vous préparez vos vacances? Vous voulez venir à La Palma et cherchez des informations? Laissez nous vous faire un petit résumé. Sur l&#8217;île de La Palma, la plus nord-occidentale des Îles Canaries, nous somme un peu plus de quatre-vingt mille personnes réparties sur…
